70982?
8
What is the units digit of 1410?
0
What is the hundreds digit of 592?
5
What is the ten thousands digit of 23180?
2
What is the units digit of 695?
5
What is the tens digit of 857?
5
What is the hundreds digit of 2630?
6
What is the tens digit of 123461?
6
What is the tens digit of 816?
1
What is the hundreds digit of 6331?
3
What is the units digit of 87?
7
What is the hundreds digit of 9120?
1
What is the thousands digit of 16152?
6
What is the hundreds digit of 26843?
8
What is the thousands digit of 2391?
2
What is the tens digit of 3962?
6
What is the units digit of 1358?
8
What is the thousands digit of 3206?
3
What is the units digit of 784?
4
What is the tens digit of 35080?
8
What is the thousands digit of 2314?
2
What is the hundreds digit of 8216?
2
What is the ten thousands digit of 20617?
2
What is the hundreds digit of 14354?
3
What is the units digit of 67?
7
What is the hundreds digit of 10953?
9
What is the units digit of 93342?
2
What is the tens digit of 15467?
6
What is the thousands digit of 27519?
7
What is the units digit of 319?
9
What is the hundreds digit of 2742?
7
What is the thousands digit of 9840?
9
What is the tens digit of 4662?
6
What is the ten thousands digit of 92850?
9
What is the hundreds digit of 726?
7
What is the units digit of 70277?
7
What is the tens digit of 1154?
5
What is the thousands digit of 140199?
0
What is the tens digit of 6941?
4
What is the hundreds digit of 1967?
9
What is the ten thousands digit of 21601?
2
What is the thousands digit of 93778?
3
What is the thousands digit of 6502?
6
What is the ten thousands digit of 63582?
6
What is the units digit of 50881?
1
What is the tens digit of 9559?
5
What is the thousands digit of 34561?
4
What is the units digit of 29696?
6
What is the thousands digit of 1656?
1
What is the hundreds digit of 20858?
8
What is the tens digit of 12099?
9
What is the tens digit of 15995?
9
What is the units digit of 3293?
3
What is the hundred thousands digit of 131066?
1
What is the hundreds digit of 479?
4
What is the thousands digit of 2044?
2
What is the hundreds digit of 48609?
6
What is the thousands digit of 135822?
5
What is the ten thousands digit of 81871?
8
What is the tens digit of 10753?
5
What is the ten thousands digit of 19555?
1
What is the hundreds digit of 10548?
5
What is the tens digit of 12814?
1
What is the units digit of 43007?
7
What is the hundreds digit of 2961?
9
What is the hundreds digit of 39959?
9
What is the thousands digit of 50568?
0
What is the units digit of 59019?
9
What is the hundreds digit of 1036?
0
What is the tens digit of 87990?
9
What is the thousands digit of 6214?
6
What is the tens digit of 2489?
8
What is the ten thousands digit of 34614?
3
What is the tens digit of 16064?
6
What is the thousands digit of 18145?
8
What is the units digit of 1?
1
What is the tens digit of 1829?
2
What is the tens digit of 919?
1
What is the thousands digit of 35693?
5
What is the hundreds digit of 1364?
3
What is the thousands digit of 6918?
6
What is the tens digit of 8872?
7
What is the thousands digit of 2782?
2
What is the hundreds digit of 4781?
7
What is the thousands digit of 44652?
4
What is the units digit of 3484?
4
What is the hundreds digit of 19268?
2
What is the hundreds digit of 8672?
6
What is the tens digit of 9180?
8
What is the hundreds digit of 327?
3
What is the tens digit of 55324?
2
What is the units digit of 14?
4
What is the tens digit of 66452?
5
What is the hundreds digit of 147465?
4
What is the thousands digit of 11695?
1
What is the units digit of 60557?
7
What is the units digit of 79559?
9
What is the thousands digit of 1672?
1
What is the hundreds digit of 173946?
9
What is the thousands digit of 87783?
7
What is the units digit of 303?
3
What is the tens digit of 10869?
6
What is the thousands digit of 5923?
5
What is the tens digit of 4773?
7
What is the tens digit of 1081?
8
What is the units digit of 7?
7
What is the thousands digit of 1022?
1
What is the ten thousands digit of 16807?
1
What is the tens digit of 31588?
8
What is the tens digit of 14209?
0
What is the hundreds digit of 1565?
5
What is the thousands digit of 3676?
3
What is the hundreds digit of 232?
2
What is the hundreds digit of 7804?
8
What is the units digit of 1310?
0
What is the hundreds digit of 15551?
5
What is the hundreds digit of 784?
7
What is the tens digit of 704?
0
What is the tens digit of 280?
8
What is the hundreds digit of 99356?
3
What is the units digit of 336?
6
What is the tens digit of 895?
9
What is the hundreds digit of 34683?
6
What is the hundreds digit of 2581?
5
What is the units digit of 10101?
1
What is the tens digit of 609?
0
What is the tens digit of 29005?
0
What is the thousands digit of 16084?
6
What is the tens digit of 31768?
6
What is the units digit of 15338?
8
What is the ten thousands digit of 31740?
3
What is the ten thousands digit of 12409?
1
What is the units digit of 2340?
0
What is the hundreds digit of 3747?
7
What is the units digit of 766?
6
What is the hundreds digit of 71664?
6
What is the hundreds digit of 1339?
3
What is the thousands digit of 3059?
3
What is the thousands digit of 1139?
1
What is the hundred thousands digit of 134806?
1
What is the tens digit of 1606?
0
What is the hundreds digit of 31091?
0
What is the thousands digit of 24414?
4
What is the hundreds digit of 17085?
0
What is the thousands digit of 31093?
1
What is the hundreds digit of 19920?
9
What is the thousands digit of 1672?
1
What is the hundreds digit of 26231?
2
What is the hundreds digit of 35346?
3
What is the units digit of 5593?
3
What is the units digit of 14?
4
What is the units digit of 2?
2
What is the tens digit of 49016?
1
What is the units digit of 71715?
5
What is the tens digit of 49372?
7
What is the hundreds digit of 378?
3
What is the units digit of 123?
3
What is the thousands digit of 52259?
2
What is the tens digit of 17244?
4
What is the hundreds digit of 5196?
1
What is the units digit of 78944?
4
What is the hundreds digit of 173?
1
What is the thousands digit of 1302?
1
What is the ten thousands digit of 18920?
1
What is the hundreds digit of 445?
4
What is the units digit of 9142?
2
What is the thousands digit of 1880?
1
What is the tens digit of 1304?
0
What is the hundreds digit of 2135?
1
What is the ten thousands digit of 45011?
4
What is the units digit of 353?
3
What is the thousands digit of 6350?
6
What is the tens digit of 9379?
7
What is the hundreds digit of 6613?
6
What is the hundreds digit of 816?
8
What is the units digit of 786?
6
What is the hundreds digit of 5039?
0
What is the thousands digit of 8425?
8
What is the thousands digit of 65534?
5
What is the units digit of 5292?
2
What is the units digit of 765?
5
What is the thousands digit of 1111?
1
What is the thousands digit of 31551?
1
What is the units digit of 655?
5
What is the units digit of 33092?
2
What is the hundreds digit of 213?
2
What is the thousands digit of 1140?
1
What is the tens digit of 655?
5
What is the hundreds digit of 404?
4
What is the thousands digit of 29176?
9
What is the units digit of 9025?
5
What is the hundreds digit of 14348?
3
What is the units digit of 4187?
7
What is the hundreds digit of 499?
4
What is the hundreds digit of 1243?
2
What is the hundreds digit of 1312?
3
What is the hundreds digit of 106000?
0
What is the hundreds digit of 128550?
5
What is the hundred thousands digit of 112242?
1
What is the hundreds digit of 474?
4
What is the hundreds digit of 2242?
2
What is the thousands digit of 10735?
0
What is the units digit of 329?
9
What is the hundreds digit of 38947?
9
What is the units digit of 24267?
7
What is the hundreds digit of 1239?
2
What is the thousands digit of 3639?
3
What is the hundreds digit of 20519?
5
What is the units digit of 5663?
3
What is the units digit of 87093?
3
What is the hundreds digit of 2963?
9
What is the thousands digit of 7966?
7
What is the ten thousands digit of 24826?
2
What is the units digit of 1206?
6
What is the units digit of 16?
6
What is the hundreds digit of 129217?
2
What is the thousands digit of 9118?
9
What is the hundreds digit of 245?
2
What is the tens digit of 43718?
1
What is the tens